lue of (-1 - -5) + -16 + 7?
-5
Calculate 2 + (-1 - ((-3 - 1) + 8)).
-3
What is 0 + 1 - (3 + (18 - 24))?
4
(-1 - 5 - -1) + -3
-8
Evaluate 3 - 2 - (3 - 0).
-2
Evaluate 0 + -36 + 41 + -5 + -1.
-1
What is the value of (4 - (-3 + 9)) + -2?
-4
Calculate (1 - -7) + (111 - 120).
-1
What is (-10 - -7 - (0 - 0)) + 9?
6
Evaluate 0 + (-7 - (0 - 3)).
-4
(4 + -1 + -1 - -2) + -3
1
What is the value of 4 + (8 - (4 - -2)) - 11?
-5
What is the value of 3 + (-5 - 1) + 19 + -22?
-6
What is the value of 2 + (-9 - -1) - (111 - 118)?
1
What is -1 + (-3 + 5 - 3) + -2?
-4
Evaluate -1 + 2 + -6 + 4 - -2.
1
Calculate (0 - -8) + -1 - -2 - 4.
5
What is -3 + 2 + 3 + -1 + 4?
5
What is the value of (4 - (6 - 3)) + (-12 - -8)?
-3
What is the value of 1 + (1 - -2) + -3 + 2?
3
Calculate (-1 - -2) + -1 - -4 - 0.
4
What is the value of (-9 - -7) + 8 + -1 + -2?
3
6 + 5 + -5 + 2 + -2
6
What is the value of 9 + (2 + 3 - 10)?
4
Calculate 5 + (4 - 3) + -4 + 1.
3
-11 + 0 + 21 - (4 - 1)
7
Calculate 0 - (13 - -2 - 5).
-10
What is 9 + -6 + (1 - 0)?
4
Calculate -6 + -2 + 3 - -1.
-4
What is 1 - -8 - (-80 + 80)?
9
-11 + 8 + -3 + 0
-6
What is (-2 - -1) + (-2 - -3 - -7)?
7
Evaluate -4 + (5 - (-1 + 6 + -4)).
0
6 - (-3 + (2 - -5))
2
What is (1 - 1) + -1 - (-14 + 11)?
2
-1 - 2 - (4 + -4 - 1)
-2
Evaluate (-7 - 1) + 3 + 5.
0
Calculate 0 - (-1 - -2 - (-6 - -9)).
2
What is -6 + (3 - (0 + 4)) + 2?
-5
Calculate -2 - (1 - (-2 + 0) - 0).
-5
-11 + 7 + -1 + (1 - -3)
-1
What is 2 - (0 + (4 - 0))?
-2
Calculate -5 - 0 - (18 - 15).
-8
Evaluate -1 + -5 + 2 + 2.
-2
Calculate 0 + -1 - 3 - 3 - -3.
-4
Calculate 5 - (4 + (7 - 0)) - -5.
-1
(98 - 106) + (12 - -1)
5
Calculate (-9 - -13) + (-3 - (0 + -1)).
2
What is the value of -6 - (-3 + (-1 + 1 - -3))?
-6
(-1 - -1) + (-5 - -4) + 0
-1
Calculate (1 - (1 - 0)) + -5 - 1.
-6
Calculate 3 - (2 + -4 + 3 + 2).
0
Evaluate 4 - (4 - (-1 + 0 + 5)).
4
What is the value of 6 - ((-5 - -4) + 4)?
3
0 + -2 + 0 - (2 + 1)
-5
Calculate 9 - 1 - 6 - 3.
-1
(-4 - (-3 - 0)) + 10 + -14
-5
-7 + -1 + 0 + 4 + 1
-3
What is (-4 + (3 - -3) - 4) + 1?
-1
Calculate -2 + 16 + (-11 - -5) + -6.
2
1 - (7 - (7 + -3) - -2)
-4
Evaluate 55 + -67 - (1 + -11).
-2
Evaluate (5 - -1) + 10 + -12.
4
-10 + (17 - 11) + (0 - 1)
-5
Evaluate 9 + 7 + -7 - 7.
2
Calculate (36 - 39) + 0 + -4 + 2.
-5
What is -3 + (-1 - 0) + 0 - -4?
0
Evaluate 5 + (1 - 3) + (-5 - 1).
-3
Evaluate (15 - (28 - -11)) + 14.
-10
1 + 4 + -10 + 3
-2
Evaluate 0 + 4 + 3 + 1 + -4.
4
Evaluate (-1 + 0 - -5) + (-20 - -21).
5
Evaluate 4 - (-5 - (-4 + (4 - 2))).
7
What is the value of 4 - -15 - 6 - 5 - 0?
8
What is the value of -1 + 4 - (2 + 13 - 10)?
-2
What is the value of -2 - (6 - (7 + 6))?
5
Evaluate 0 + 4 + 6 + -3 + -16.
-9
Evaluate 17 - 22 - (7 + -2 - 18).
8
Calculate -2 + -2 + 1 + 3.
0
What is the value of -8 - (-8 + 1 + 4)?
-5
(1 + 0 - 10) + 4
-5
Calculate 4 - -2 - (3 + -1 - -1).
3
Evaluate (2 - -1) + (-24 - -26).
5
What is (8 - 8) + (-4 - -10)?
6
What is (7 - (-2 - -7)) + 0 + 4?
6
Calculate 0 + -1 + (28 - 27).
0
Evaluate (10 - 15) + (4 - 0).
-1
Evaluate (-2 - (0 + 0)) + 1.
-1
Evaluate 0 + (-4 - (-3 + 2 - 2)).
-1
What is the value of (2 - (-1 - 4)) + -10 + -3?
-6
6 - 5 - 0 - (1 - 8)
8
Calculate 1 - 6 - (3 - 7).
-1
Evaluate 6 + -3 - 3 - (0 - -4).
-4
5 + -1 + 11 + -16
-1
Calculate 7 + ((-4 - 0) + 3 - 3).
3
Calculate (18 - 8) + 0 + -18.
-8
Calculate 5 + (-15 - -6 - -1).
-3
What is the value of -1 - (-1 + (2 - 1))?
-1
(13 - 8) + 1 + (2 - 3)
5
What is (-1 - -1) + 4 + 6 + -13?
-3
What is the value of -34 + 37 - (-2 + 2 + -3)?
6
Calculate (-5 - (-2 + -5 + 4)) + 7.
5
What is (-5 + 6 - 12) + 7 - -10?
6
Evaluate 13 + (7 - 18) + -9.
-7
Calculate 1 + -1 - (12 - 9 - 3).
0
What is the value of (0 - -1) + -5 - -6 - 4?
-2
-2 - (5 - (0 + 10))
3
What is (3 - 12) + 1 - -3?
-5
What is the value of 3 + -3 + 0 - -1?
1
What is the value of -24 + 13 + 11 - 7?
-7
Evaluate -6 + (2 - (-5 + -1 + 4)).
-2
5 + (4 - 9) + 7
7
What is 10 + (-2 + -5 - 1)?
2
What is the value of 5 + -1 + -23 + 20?
1
(-7 - 2) + 3 + 1
-5
What is 3 + -13 + -30 + 39?
-1
What is -3 - (6 + -4 - 5)?
0
Calculate 6 + 0 + 2 + (5 - 11).
2
What is the value of (13 - 17 - (0 + -2)) + 10?
8
What is the value of (0 - (2 - 1)) + 5?
4
Evaluate (8 - 20) + 2 + 2 + 15.
7
3 - ((3 - 7) + 7 + 3)
-3
What is the value of -4 + (0 - (-5 - 3))?
4
Calculate 7 + 1 + -3 - (8 + -1).
-2
Evaluate -4 - (-1 + -2) - (9 - 4).
-6
What is 4 - (5 + -7 + 2)?
4
What is 0 + 0 + (-4 - -6) + 8?
10
Evaluate 3 + 0 + -2 + -4.
-3
Evaluate (0 - (6 - 11)) + -1.
4
Evaluate 1 - (21 - (-4 + 17)).
-7
Calculate (16 - 2 - 11) + 0 + 4.
7
4 + 0 + -3 - (7 - 3)
-3
What is the value of -2 - 2 - (16 + -20)?
0
Calculate (3 - 13) + (3 - -3).
-4
-2 + -9 - (-3 + -3)
-5
Calculate -9 + (14 - 1) + -6.
-2
Calculate -1 - (2 + (4 - 8)) - -2.
3
What is (1 - 10) + (-103 - -108)?
-4
1 + (8 - 9) + 3 + -1
2
Evaluate (10 - 11 - -1) + 3.
3
What is 3 + -2 + 6 + (-3 - 5)?
-1
What is the value of (5 - (5 + 1 - 0)) + 1?
0
Evaluate 0 + 6 + -10 - -9.
5
Evaluate (1 - 6) + -11 + (21 - 0).
5
(3 - (-1 + 4)) + 3 + -1
2
Calculate 5 + (10 - 7) + -9.
-1
Calculate 0 + 1 - (-27 - -29).
-1
Calculate 0 + -1 - ((6 - 12) + 1).
4
-5 + (1 - 0) + 0 - 1
-5
(1 + -4 - -1) + 0 + 1
-1
What is the value of -5 + (-3 + 3 - 3) + 1?
-7
Calculate -1 + (-4 - -12 - 9 - 7).
-9
Evaluate -3 - (-4 + 1 - -3).
-3
What is (-1 + 1 - 1) + -2 + 5?
2
Calculate -3 - (-3 + -2) - (-1 - 1).
4
4 + -3 + 1 - (-4 - -1)
5
5 + (6 + -15 - -14)
10
What is -3 - 1 - (-5 + (-1 - -5))?
-3
5 + ((-8 - -4) + 1 - 0)
2
-5 + -4 + (2 + -5 - -7)
-5
What is -13 - (-9 - (11 - 11))?
-4
2 - (2 + -5 + -1 + 4)
2
-3 + (3 - (4 - 2)) - -2
0
Calculate -1 + 3 + (-3 + 10 - 4).
5
Evaluate 10 + -10 + (-1 - -1).
0
0 + 10 + -5 + 0
5
Calculate (18 - 6) + -15 - (4 - 2).
-5
What is the value of 6 + (0 - 6 - 6)?
-6
(0 - 4) + -1 + 1
-4
What is the value of -13 + 7 - -9 - 6?
-3
Calculate 2 + -3 + (-2 - -4) + 2.
3
Calculate 1 + -6 + 7 - (9 + -4).
-3
(0 - -1) + 2 + -4
-1
What is the value of 0 + -8 + 11 + -8?
-5
What is (-1 - (4 + -15)) + -14?
-4
Evaluate 7 + -15 + (-10 - -19).
1
What is the value of -4 - ((-2 - -2) + 4 + -8)?
0
5 + (-4 - (-1 + (5 - 8)))
5
-8 - (-22 - -6) - 7
1
What is the value of 11 - (7 - -3 - 9)?
10
What is the value of -18 - -18 - (-4 - (-3 - -4))?
5
-1 + 3 + 5 + 3 + -10
0
What is the value of -3 + 3 - 1 - -1?
0
What is the value of 15 + -21 - (2 + -3)?
-5
What is (9 - 2) + -4 + (-9 - -2)?
-4
What is the value of -4 + -5 + (12 - (7 + -1))?
-3
What is (3 - 6) + -2 - -9?
4
-5 + 2 + (3 - 3)
-3
What is 0 - (-4 + 2 - (-6 - 1))?
-5
Evaluate (3 - 2) + -9 - (1 + -7).
-2
Calculate 13 - (-8 + 26) - (-1 + 1).
-5
-1 + (-3 - -2) + 5
3
-2 - (-18 - -13 - -10)
-7
-14 + 12 + -7 - -15
6
Evaluate -3 + (4 - -5) + -7.
-1
What is -4 - (7 + -1 - 6)?
-4
Evaluate 0 + 5 + 1 + 1.
7
Evaluate (-13 - (5 - 15)) + 8.
5
Calculate 2 - (3 + (2 - (-1 - -5))).
1
Calculate -2 + 0 - (-3 + (3 - 1)).
-1
Calculate 7 + -2 + -11 + 3.
-3
What is -15 + (2 - (-7 + 5)) - -6?
-5
Calculate (-7 + 2 - 8) + 7.
-6
-2 - (2 - (9 + -19)) - -3
-11
Evaluate 3 - (3 - 2) - 4 - -7.
5
(2 - (1 + -3)) + -4 - -3
3
Evaluate 0 - (1 + (-1 - 3) - -3).
0
Evaluate 1 - (-7 - -8) - -2.
2
(2 - 9) + 18 - 4
7
What is the value of -8 + 7 + -6 - -6?
-1
What is the value of 8 + (13 - (0 - -19))?
2
What is the value of (8 - -1) + (95 - 113)?
-9
What is the value of 2 - (3 - (5 - (3 + -2)))?
3
Evaluate (0 - (10 + -3) - -6) + 0.
-1
What is -1 + 0 - (-8 - 0) - 2?
5
What is the value of (6 - (-3 + 15)) + -1?
-7
What is 1 - -3 - ((-17 - -36) + -11)?
-4
What is the value of (3 - 5 - 2) + 7?
3
3 + -10 - (-11 + 9 + -5)
0
Evaluate (-2 - 1 - -2) + -4.
-5
What is -5 + (11 - (12 + -7))?
1
8 + (-5 - 3) + -3
-3
Evaluate 4 - (3 - (-4 - -9 - 5)).
1
Evaluate (-8 + 4 - 2) + 1.
-5
Evaluate -8 + 8 - (-3 + 4).
-1
What is the value of (-20 + 1 - -21) + (-1 - 4)?
-3
17 + (10 + -25 - -5)
7
Evaluate -5 + 6 + 2 + (-3 - -6).
6
What is the value of 0 - -1 - (-38 + 34)?
5
(-3 - -4) + 0 - 3
-2
Calculate 3 - ((6 - -6) + 1).
-10
Calculate -5 + -5 - -4 - -10.
4
What is the value of 6 - (3 + -1) - 8?
-4
1 - (-13 - -10 - (3 - 6))
1
What is the value of -3 + 4 + (0 - -3)?
4
Evaluate -1 + 2 + 1 + 0 + -3.
-1
What is the value of 0 - -7 - (-38 + 42)?
3
What is the value of 6 + (-7 - -4 - -3) - 15?
-9
Calculate (-13 + 11 - 2) + 5.
1
Calculate 4 - (4 - (-4 + 5 + 2)).
3
W